{"id":346,"date":"2019-03-19T10:42:47","date_gmt":"2019-03-19T03:42:47","guid":{"rendered":"https:\/\/soict.hust.edu.vn\/innovation\/?page_id=346"},"modified":"2021-06-05T09:24:36","modified_gmt":"2021-06-05T02:24:36","slug":"become-a-partner","status":"publish","type":"page","link":"https:\/\/soict.hust.edu.vn\/innovation\/vi\/partners\/become-a-partner","title":{"rendered":"Become a Partner"},"content":{"rendered":"\t<section class=\"section\" id=\"section_283082865\">\n\t\t<div class=\"bg section-bg fill bg-fill  bg-loaded\" >\n\n\t\t\t\n\t\t\t\n\t\t\t\n\n\t\t<\/div>\n\n\t\t<div class=\"section-content relative\">\n\t\t\t\n<div class=\"row\"  id=\"row-1705901759\">\n\n\t<div id=\"col-2090687686\" class=\"col small-12 large-12\"  >\n\t\t<div class=\"col-inner text-center\"  >\n\t\t\t\n\t\t\t\n<h2 class=\"center\"><span style=\"font-size: 150%;\">Tham gia h\u1ed9i vi\u00ean<\/span><\/h2>\n<p>Tr\u1ecf th\u00e0nh \u0111\u1ed1i t\u00e1c s\u1ebd cho ph\u00e9p doanh nghi\u1ec7p b\u1ea1n ti\u1ebfp c\u1eadn v\u1edbi h\u00e0ng lo\u1ea1t kh\u00e1ch h\u00e0ng trong m\u1ea1ng l\u01b0\u1edbi<\/p>\n\t\t<\/div>\n\t\t\t<\/div>\n\n\t\n\n\t<div id=\"col-1355258980\" class=\"col medium-4 small-12 large-4\"  >\n\t\t<div class=\"col-inner\"  >\n\t\t\t\n\t\t\t\n\t<div class=\"img has-hover x md-x lg-x y md-y lg-y\" id=\"image_1024808868\">\n\t\t\t\t\t\t\t\t<div class=\"img-inner dark\" >\n\t\t\t<img width=\"364\" height=\"205\" src=\"https:\/\/soict.hust.edu.vn\/innovation\/wp-content\/uploads\/2019\/03\/Screen-Shot-2019-03-19-at-11.19.03-AM.png\" class=\"attachment-large size-large\" alt=\"\" loading=\"lazy\" srcset=\"https:\/\/soict.hust.edu.vn\/innovation\/wp-content\/uploads\/2019\/03\/Screen-Shot-2019-03-19-at-11.19.03-AM.png 364w, https:\/\/soict.hust.edu.vn\/innovation\/wp-content\/uploads\/2019\/03\/Screen-Shot-2019-03-19-at-11.19.03-AM-300x169.png 300w\" sizes=\"(max-width: 364px) 100vw, 364px\" \/>\t\t\t\t\t\t\n\t\t\t\t\t<\/div>\n\t\t\t\t\t\t\t\t\n<style>\n#image_1024808868 {\n  width: 100%;\n}\n<\/style>\n\t<\/div>\n\t\n<div class=\"main-headline\">\n<div class=\"main-headline\">\n<h3><span style=\"color: #282828;\"><strong>\u0110\u1ed1i t\u00e1c Gi\u1ea3i ph\u00e1p<\/strong><\/span><\/h3>\n<\/div>\n<div class=\"small-head-body\">\n<p><span style=\"color: #282828;\">Doanh nghi\u1ec7p l\u00e0 \u0110\u1ed1i t\u00e1c Gi\u1ea3i ph\u00e1p s\u1ebd mang \u0111\u1ebfn d\u1ecbch v\u1ee5 cho c\u00e1c th\u00e0nh vi\u00ean c\u1ee7a c\u1ed9ng \u0111\u1ed3ng:<\/span><\/p>\n<ul>\n<li><span style=\"color: #282828;\">Chi\u1ebfn l\u01b0\u1ee3c s\u1ed1 v\u00e0 thi\u1ebft k\u1ebf website<\/span><\/li>\n<li><span style=\"color: #282828;\">Ph\u00e1t tri\u1ec3n trang web\u00a0<\/span><\/li>\n<li><span style=\"color: #282828;\">C\u1ea5u h\u00ecnh<\/span><\/li>\n<li><span style=\"color: #282828;\">T\u00edch h\u1ee3p v\u00e0 ph\u00e1t tri\u1ec3n<\/span><\/li>\n<\/ul>\n<\/div>\n<\/div>\n\t\t<\/div>\n\t\t\t<\/div>\n\n\t\n\n\t<div id=\"col-378488788\" class=\"col medium-4 small-12 large-4\"  >\n\t\t<div class=\"col-inner\"  >\n\t\t\t\n\t\t\t\n\t<div class=\"img has-hover x md-x lg-x y md-y lg-y\" id=\"image_1911083215\">\n\t\t\t\t\t\t\t\t<div class=\"img-inner dark\" >\n\t\t\t<img width=\"365\" height=\"203\" src=\"https:\/\/soict.hust.edu.vn\/innovation\/wp-content\/uploads\/2019\/03\/Screen-Shot-2019-03-19-at-11.19.10-AM.png\" class=\"attachment-large size-large\" alt=\"\" loading=\"lazy\" srcset=\"https:\/\/soict.hust.edu.vn\/innovation\/wp-content\/uploads\/2019\/03\/Screen-Shot-2019-03-19-at-11.19.10-AM.png 365w, https:\/\/soict.hust.edu.vn\/innovation\/wp-content\/uploads\/2019\/03\/Screen-Shot-2019-03-19-at-11.19.10-AM-300x167.png 300w\" sizes=\"(max-width: 365px) 100vw, 365px\" \/>\t\t\t\t\t\t\n\t\t\t\t\t<\/div>\n\t\t\t\t\t\t\t\t\n<style>\n#image_1911083215 {\n  width: 100%;\n}\n<\/style>\n\t<\/div>\n\t\n<div class=\"main-headline\">\n<div class=\"main-headline\">\n<h3>\u0110\u1ed1i t\u00e1c K\u1ef9 thu\u1eadt<\/h3>\n<\/div>\n<div class=\"small-head-body\">\n<p>\u0110\u1ed1i t\u00e1c c\u00f4ng ngh\u1ec7 cung c\u1ea5p ph\u1ea7n m\u1ec1m doanh nghi\u1ec7p nh\u01b0 ERP, ph\u1ea7n m\u1ec1m th\u01b0\u01a1ng m\u1ea1i \u0111i\u1ec7n t\u1eed v\u00e0 d\u1ecbch v\u1ee5 tr\u00ean c\u00e1c n\u1ec1n t\u1ea3ng ph\u00f9 h\u1ee3p v\u1edbi nh\u00f3m kh\u00e1ch h\u00e0ng ti\u1ec1m n\u0103ng.<\/p>\n<ul>\n<li>Cung c\u1ea5p ph\u1ea7n m\u1ec1m v\u00e0 d\u1ecbch v\u1ee5 t\u1ed1t nh\u1ea5t<\/li>\n<\/ul>\n<\/div>\n<\/div>\n\t\t<\/div>\n\t\t\t<\/div>\n\n\t\n\n\t<div id=\"col-889234771\" class=\"col medium-4 small-12 large-4\"  >\n\t\t<div class=\"col-inner\"  >\n\t\t\t\n\t\t\t\n\t<div class=\"img has-hover x md-x lg-x y md-y lg-y\" id=\"image_190277302\">\n\t\t\t\t\t\t\t\t<div class=\"img-inner dark\" >\n\t\t\t<img width=\"362\" height=\"202\" src=\"https:\/\/soict.hust.edu.vn\/innovation\/wp-content\/uploads\/2019\/03\/Screen-Shot-2019-03-19-at-11.19.19-AM.png\" class=\"attachment-large size-large\" alt=\"\" loading=\"lazy\" srcset=\"https:\/\/soict.hust.edu.vn\/innovation\/wp-content\/uploads\/2019\/03\/Screen-Shot-2019-03-19-at-11.19.19-AM.png 362w, https:\/\/soict.hust.edu.vn\/innovation\/wp-content\/uploads\/2019\/03\/Screen-Shot-2019-03-19-at-11.19.19-AM-300x167.png 300w\" sizes=\"(max-width: 362px) 100vw, 362px\" \/>\t\t\t\t\t\t\n\t\t\t\t\t<\/div>\n\t\t\t\t\t\t\t\t\n<style>\n#image_190277302 {\n  width: 100%;\n}\n<\/style>\n\t<\/div>\n\t\n<div class=\"main-headline\">\n<div class=\"main-headline\">\n<h3><strong>Community Insiders<\/strong><\/h3>\n<\/div>\n<div class=\"small-head-body\">\n<p>Cung c\u1ea5p c\u00e1c ti\u00eau ch\u00ed \u0111\u00e1nh gi\u00e1 n\u0103ng l\u1ef1c doanh nghi\u1ec7p, n\u0103ng l\u1ef1c c\u1ee7a th\u00e0nh vi\u00ean trong c\u00f4ng ty.<\/p>\n<ul>\n<li>Ph\u00f9 h\u1ee3p v\u1edbi c\u00e1c doanh nghi\u1ec7p nh\u1ecf v\u1edbi ph\u1ea7n m\u1ec1m ngu\u1ed3n m\u1edf<\/li>\n<li>\u0110\u01b0\u1ee3c ch\u1ee9ng nh\u1eadn b\u1edfi SOICT<\/li>\n<li>Ch\u1ee9ng nh\u1eadn to\u00e0n c\u1ea7u<\/li>\n<li>H\u1ee3p t\u00e1c v\u00e0 ph\u00e1t tri\u1ec3n<\/li>\n<\/ul>\n<\/div>\n<\/div>\n\t\t<\/div>\n\t\t\t<\/div>\n\n\t\n<\/div>\n\t\t<\/div>\n\n\t\t\n<style>\n#section_283082865 {\n  padding-top: 50px;\n  padding-bottom: 50px;\n}\n<\/style>\n\t<\/section>\n\t\n\t<section class=\"section dark\" id=\"section_746131445\">\n\t\t<div class=\"bg section-bg fill bg-fill  bg-loaded\" >\n\n\t\t\t\n\t\t\t\n\t\t\t\n\n\t\t<\/div>\n\n\t\t<div class=\"section-content relative\">\n\t\t\t\n<div class=\"row align-middle\"  id=\"row-743596960\">\n\n\t<div id=\"col-2137024707\" class=\"col pb-0 medium-6 small-12 large-6\"  >\n\t\t<div class=\"col-inner text-right\"  >\n\t\t\t\n\t\t\t\n\t\t<\/div>\n\t\t\t<\/div>\n\n\t\n\n\t<div id=\"col-252913991\" class=\"col pb-0 medium-6 small-12 large-6\"  >\n\t\t<div class=\"col-inner\"  >\n\t\t\t\n\t\t\t\n\t\t<\/div>\n\t\t\t<\/div>\n\n\t\n<\/div>\n\t\t<\/div>\n\n\t\t\n<style>\n#section_746131445 {\n  padding-top: 30px;\n  padding-bottom: 30px;\n  background-color: rgb(0, 34, 74);\n}\n<\/style>\n\t<\/section>\n\t\n","protected":false},"excerpt":{"rendered":"","protected":false},"author":2,"featured_media":0,"parent":154,"menu_order":0,"comment_status":"closed","ping_status":"closed","template":"page-blank.php","meta":[],"yoast_head":"<!-- This site is optimized with the Yoast SEO plugin v16.4 - https:\/\/yoast.com\/wordpress\/plugins\/seo\/ -->\n<title>Become a Partner - Innovation Center<\/title>\n<meta name=\"robots\" content=\"index, follow, max-snippet:-1, max-image-preview:large, max-video-preview:-1\" \/>\n<link rel=\"canonical\" href=\"https:\/\/soict.hust.edu.vn\/innovation\/vi\/partners\/become-a-partner\" \/>\n<meta property=\"og:locale\" content=\"en_US\" \/>\n<meta property=\"og:type\" content=\"article\" \/>\n<meta property=\"og:title\" content=\"Become a Partner - Innovation Center\" \/>\n<meta property=\"og:url\" content=\"https:\/\/soict.hust.edu.vn\/innovation\/vi\/partners\/become-a-partner\" \/>\n<meta property=\"og:site_name\" content=\"Innovation Center\" \/>\n<meta property=\"article:modified_time\" content=\"2021-06-05T02:24:36+00:00\" \/>\n<meta name=\"twitter:card\" content=\"summary_large_image\" \/>\n<script type=\"application\/ld+json\" class=\"yoast-schema-graph\">{\"@context\":\"https:\/\/schema.org\",\"@graph\":[{\"@type\":\"WebSite\",\"@id\":\"https:\/\/soict.hust.edu.vn\/innovation\/#website\",\"url\":\"https:\/\/soict.hust.edu.vn\/innovation\/\",\"name\":\"Innovation Center\",\"description\":\"M\\u1ed9t trang web m\\u1edbi s\\u1eed d\\u1ee5ng WordPress\",\"potentialAction\":[{\"@type\":\"SearchAction\",\"target\":\"https:\/\/soict.hust.edu.vn\/innovation\/?s={search_term_string}\",\"query-input\":\"required name=search_term_string\"}],\"inLanguage\":\"en-US\"},{\"@type\":\"WebPage\",\"@id\":\"https:\/\/soict.hust.edu.vn\/innovation\/vi\/partners\/become-a-partner#webpage\",\"url\":\"https:\/\/soict.hust.edu.vn\/innovation\/vi\/partners\/become-a-partner\",\"name\":\"Become a Partner - Innovation Center\",\"isPartOf\":{\"@id\":\"https:\/\/soict.hust.edu.vn\/innovation\/#website\"},\"datePublished\":\"2019-03-19T03:42:47+00:00\",\"dateModified\":\"2021-06-05T02:24:36+00:00\",\"breadcrumb\":{\"@id\":\"https:\/\/soict.hust.edu.vn\/innovation\/vi\/partners\/become-a-partner#breadcrumb\"},\"inLanguage\":\"en-US\",\"potentialAction\":[{\"@type\":\"ReadAction\",\"target\":[\"https:\/\/soict.hust.edu.vn\/innovation\/vi\/partners\/become-a-partner\"]}]},{\"@type\":\"BreadcrumbList\",\"@id\":\"https:\/\/soict.hust.edu.vn\/innovation\/vi\/partners\/become-a-partner#breadcrumb\",\"itemListElement\":[{\"@type\":\"ListItem\",\"position\":1,\"item\":{\"@type\":\"WebPage\",\"@id\":\"https:\/\/soict.hust.edu.vn\/innovation\/vi\/trang-chu\",\"url\":\"https:\/\/soict.hust.edu.vn\/innovation\/vi\/trang-chu\",\"name\":\"Trang ch\\u1ee7\"}},{\"@type\":\"ListItem\",\"position\":2,\"item\":{\"@type\":\"WebPage\",\"@id\":\"https:\/\/soict.hust.edu.vn\/innovation\/vi\/partners\",\"url\":\"https:\/\/soict.hust.edu.vn\/innovation\/vi\/partners\",\"name\":\"Partners\"}},{\"@type\":\"ListItem\",\"position\":3,\"item\":{\"@id\":\"https:\/\/soict.hust.edu.vn\/innovation\/vi\/partners\/become-a-partner#webpage\"}}]},{\"@type\":\"Person\",\"@id\":\"https:\/\/soict.hust.edu.vn\/innovation\/#\/schema\/person\/c20e6614d557d43ead2d618a6346bb66\",\"name\":\"innovation_admin\",\"image\":{\"@type\":\"ImageObject\",\"@id\":\"https:\/\/soict.hust.edu.vn\/innovation\/#personlogo\",\"inLanguage\":\"en-US\",\"url\":\"https:\/\/secure.gravatar.com\/avatar\/c2c0f74242f7deea83690dbc297dd091?s=96&d=mm&r=g\",\"contentUrl\":\"https:\/\/secure.gravatar.com\/avatar\/c2c0f74242f7deea83690dbc297dd091?s=96&d=mm&r=g\",\"caption\":\"innovation_admin\"}}]}<\/script>\n<!-- \/ Yoast SEO plugin. -->","_links":{"self":[{"href":"https:\/\/soict.hust.edu.vn\/innovation\/wp-json\/wp\/v2\/pages\/346"}],"collection":[{"href":"https:\/\/soict.hust.edu.vn\/innovation\/wp-json\/wp\/v2\/pages"}],"about":[{"href":"https:\/\/soict.hust.edu.vn\/innovation\/wp-json\/wp\/v2\/types\/page"}],"author":[{"embeddable":true,"href":"https:\/\/soict.hust.edu.vn\/innovation\/wp-json\/wp\/v2\/users\/2"}],"replies":[{"embeddable":true,"href":"https:\/\/soict.hust.edu.vn\/innovation\/wp-json\/wp\/v2\/comments?post=346"}],"version-history":[{"count":5,"href":"https:\/\/soict.hust.edu.vn\/innovation\/wp-json\/wp\/v2\/pages\/346\/revisions"}],"predecessor-version":[{"id":3830,"href":"https:\/\/soict.hust.edu.vn\/innovation\/wp-json\/wp\/v2\/pages\/346\/revisions\/3830"}],"up":[{"embeddable":true,"href":"https:\/\/soict.hust.edu.vn\/innovation\/wp-json\/wp\/v2\/pages\/154"}],"wp:attachment":[{"href":"https:\/\/soict.hust.edu.vn\/innovation\/wp-json\/wp\/v2\/media?parent=346"}],"curies":[{"name":"wp","href":"https:\/\/api.w.org\/{rel}","templated":true}]}}